 4*d. Calculate the highest common factor of 544 and l.
17
Let u = -12627 - -50814. What is the greatest common factor of 9 and u?
9
Let x = 19676 + -19556. What is the highest common divisor of 336 and x?
24
Let a be (-256)/(-4)*((-75)/(-6) + 10/(-4)). Calculate the greatest common divisor of 100 and a.
20
Let q = 15986 - 15937. Calculate the greatest common factor of q and 245.
49
Let v be 18/(-8)*4*105/(-63). Suppose 0 = -3*s + j - 23, 2*s = -0*s - 5*j + 13. Let r be (s/(-5))/(2/5). What is the greatest common divisor of r and v?
3
Let k = 110 - 205. Let j = k + 206. Calculate the greatest common divisor of 74 and j.
37
Let s = 104 - 10. Let x = 107 - s. Calculate the highest common divisor of x and 169.
13
Suppose -36 = 156*k - 159*k. What is the greatest common factor of 688 and k?
4
Suppose 42*z = 40*z + 6, -3*r - 2*z + 114 = 0. Suppose 3*q - q - 700 = 0. Suppose 2*s = q + 154. What is the highest common divisor of r and s?
36
Suppose -7*u = 15*u - 374. Let k = -677 + 685. What is the highest common factor of k and u?
1
Let j be -1 - -1 - (-59 - -5). Let p = j - 51. Suppose -419 = -4*h - 3*x, p*h - 8*h - 2*x = -522. What is the greatest common divisor of 52 and h?
52
Suppose -14*z + 92235 = -9274 + 6547. What is the greatest common divisor of 266 and z?
133
Suppose -146292 - 90295 = -170*x + 95933. What is the greatest common factor of x and 6?
6
Suppose -4*b - 23*x + 105 = -26*x, 4*x - 110 = -3*b. What is the highest common divisor of b and 645?
15
Suppose 0 = 2*x - 18*l + 16*l - 110, -5*x + 3*l + 277 = 0. Calculate the greatest common factor of 63 and x.
7
Let t(v) = v**3 - 28*v**2 + 113*v + 60. Let l be t(23). Let a = 2 - 0. What is the greatest common divisor of l and a?
2
Let q = 13596 - 240. Calculate the highest common factor of 84 and q.
84
Suppose -2*q - 17154 = 3*q - 17394. Calculate the greatest common factor of q and 2154.
6
Let k(i) = -10*i**3 - i + 24*i - 10 + 1 + 19 + 9*i**3 + 21*i**2. Let h be k(22). What is the greatest common factor of 36 and h?
4
Suppose -3*k + 93 = -3*m, -4*k - 2*m + 124 = 2*m. Suppose -k*j + 2458 = 288. Let c be 7 + 2/((-8)/(-12)). Calculate the highest common divisor of c and j.
10
Let n be 19/((-15)/3 + 6). Let d(u) = 134*u**2 - 1. Let x be d(1). Calculate the highest common factor of x and n.
19
Suppose 0 = 75*k - 3645 - 3480. Let n = 20 + -16. Suppose -5*m = -n*m - 38. Calculate the greatest common divisor of m and k.
19
Suppose 24 = -5*n - j + 165, 3*j = -5*n + 143. Let t(l) = l**3 + l**2 - l + 12. Let h be t(0). What is the highest common divisor of n and h?
4
Let x(a) = -116*a - 795. Let t be x(-7). Calculate the highest common factor of t and 1292.
17
Let o be (46/(-4))/(16/64). Let t = 53 + o. Let d be (-8 + t)*9*(-3 + 2). Calculate the highest common divisor of 27 and d.
9
Let p = -13812 + 13966. What is the greatest common divisor of 7238 and p?
154
Suppose -43*d = -39384 - 79941. What is the highest common divisor of 2960 and d?
185
Suppose -4*u + 1121 = l, -13 + 1 = -u - 2. Let g(k) = -23*k. Let i be g(-1). Calculate the greatest common divisor of l and i.
23
Suppose 0*o + 4*y = -2*o + 30, 0 = 4*o - 3*y - 5. Suppose -56 = -6*m + 10. Suppose -45 = 2*b - m*b. Calculate the greatest common divisor of o and b.
5
Let t(s) = -7*s**3 + 42*s**2 + 3*s - 22. Let z be t(3). Calculate the greatest common factor of 5522 and z.
22
Suppose 2*o - 2 = 2, 0 = 4*g + 5*o - 1990. Let h(f) = -233*f - 3851. Let x be h(-17). What is the greatest common factor of x and g?
55
Let l = 20815 + -11256. What is the highest common factor of 79 and l?
79
Let b(i) = -7*i + 4. Let v be b(6). Let j = 53 + v. Suppose 0 = w - 2058*o + 2062*o - 45, -3*o = 0. What is the highest common divisor of j and w?
15
Let i be ((2 + -62)*-1 - -3)/((-18)/(-30)). Suppose -4*t - 7*g = -3*g - 136, 0 = -t - 5*g + 30. What is the highest common divisor of i and t?
35
Suppose 0 = -212*i + 173*i + 5187. Calculate the highest common divisor of 57 and i.
19
Let z(b) = 174*b - 2750. Let x be z(16). Let k = 518 + -331. What is the highest common divisor of k and x?
17
Suppose 2*j - 4 = 0, -3*l + 3 = -2*j - 5. Suppose -m + l*u = 4*m - 460, m - 108 = 4*u. Let d = 144 + -133. Calculate the greatest common divisor of d and m.
11
Suppose 190*j - 26895 = 233215. What is the highest common divisor of 666 and j?
37
Let l be 2827/(-22)*(-8 - 18). Calculate the greatest common factor of l and 13.
13
Let h(n) = n**2 + 7*n - 36. Let r be h(-11). Suppose -1155 = -22*p + 77. Calculate the greatest common divisor of r and p.
8
Suppose 19*j + 81 = 10*j. Let n be j - (-6 - (36 + 9)). Calculate the highest common divisor of n and 12.
6
Let c = -3976 + 4010. Calculate the greatest common divisor of 2465 and c.
17
Suppose 4*q + 26 = 6*q. Suppose z + q - 16 = 0. Let x(o) = 6*o**2 - 3*o + 5. Let s be x(z). What is the highest common factor of s and 20?
10
Let c = 3 + 13. Let o = 917 + -397. Let w be (160/50 + -2)/(3/o). What is the greatest common factor of c and w?
16
Suppose 4*s - 37 = 3*s. Let i = 57 - s. Let g(p) = -p**2 - 18*p - 40. Let j be g(-15). Calculate the highest common divisor of i and j.
5
Suppose x + 3068 = 2*k, 5*k - 7626 = -25*x + 22*x. Calculate the greatest common divisor of 120 and k.
30
Let q(x) = x**3 + 16*x**2 + 14. Let u be q(-15). Let s = u + -185. What is the highest common factor of 24 and s?
6
Suppose 0 = -8*p - 230 + 382. Suppose p*s + 5 = 24. Let w(m) = m + 4. Let n be w(-3). What is the highest common factor of s and n?
1
Let s = -510 + 454. Let y = 375 + s. What is the greatest common divisor of y and 29?
29
Let v be 2/((-791)/(-98) - 8). What is the greatest common factor of 252 and v?
28
Let f(i) = 214*i**2 + 2*i + 1. Let t be f(2). Suppose 693 = -28894*p + 28927*p. What is the highest common factor of t and p?
21
Suppose -3*i - 2*o + 6*o + 9 = 0, 2*i - 2*o - 6 = 0. Suppose -i*k + 125 = -235. What is the greatest common factor of k and 195?
15
Let c = 47 + -26. Let l be 1*(c - -2) + 1. Suppose -114 = -6*w + l. What is the greatest common factor of 23 and w?
23
Let g be 242/(-8) + 5 + 152/(-32). Let c be ((-9)/6)/(g/20)*5. Let h be (-2)/(((-12)/(-135))/(-2)). Calculate the highest common divisor of c and h.
5
Let k be (-10851)/(-12) + 2/(-8). Suppose -3*p + 4*b = -372, -5*p - 2*b + k = 310. What is the greatest common divisor of 15 and p?
15
Suppose 4*b = -4*g - b + 69, 37 = 2*g + 5*b. Let p be (-1)/2 - 23/46. Let k be ((-170)/51)/(p/12). What is the highest common factor of g and k?
8
Let b = 514 + 459. Suppose b - 241 = 5*d + 4*l, l + 2 = 0. Let s be 3 - 6 - (d*-1 + 0). What is the greatest common factor of 58 and s?
29
Let m(z) = 3*z**2 + 2*z - 2. Let v be m(-4). Let h = 49 + -46. Suppose 0*l + 275 = h*l - 2*q, 0 = l + 5*q - 120. What is the highest common factor of l and v?
19
Let t(z) = 256*z**2 - 29*z + 61. Let h be t(2). Calculate the greatest common factor of 316 and h.
79
Let h be (1 + (-138)/10)/((-2440)/24400). Calculate the highest common factor of h and 3.
1
Let x be -1 + 14 - (-60)/(-10). Calculate the greatest common factor of x and 133.
7
Suppose -34*c + 123 = -47. Suppose -3 = 4*p - p, 679 = c*b - 4*p. What is the highest common factor of b and 15?
15
Let k be ((-1)/2 + -1)/(11524/(-2304) - -5). What is the greatest common factor of 384 and k?
96
Let k be 655/9 - (-22)/99. Let a = -248 + 370. Let v = a - k. What is the highest common divisor of 7 and v?
7
Let x be -5 + (-5 - -32) + 18/(-6). Suppose -8 = 4*k, -t + 22*k + 58 = x*k. Calculate the greatest common factor of t and 16.
4
Let o be ((-16863)/154)/(-2*(-2)/(-96)). Calculate the highest common factor of o and 72.
36
Let f = -202 + 223. Suppose -f*t = -35 - 2695. What is the highest common divisor of t and 13?
13
Suppose 0 = -2*g + 66 - 2. Suppose l + 5*y = 36, 24*l + 4*y = 27*l - g. Let z = 695 - 455. Calculate the greatest common factor of z and l.
16
Let y(o) = 2*o**2 - 28*o - 18. Let r be y(15). Calculate the highest common divisor of r and 10308.
12
Let u = 27948 + -27918. Calculate the highest common divisor of u and 930.
30
Let j be 3/(-7) - ((-100320)/154 - -35). Calculate the greatest common divisor of j and 1716.
44
Let s be (30/3)/(67/134). What is the highest common divisor of s and 1010?
10
Suppose -m + 3*y = 4*y - 6, 3*m - 10 = -y. Let z = 331 -